he hundred thousands digit of 1249041299?
0
What is the thousands digit of 132838748?
8
What is the ten thousands digit of 30109004?
0
What is the units digit of 3857424?
4
What is the units digit of 52728581?
1
What is the ten thousands digit of 3530092557?
9
What is the tens digit of 629494670?
7
What is the thousands digit of 52380807?
0
What is the hundreds digit of 3411198573?
5
What is the tens digit of 87721630?
3
What is the ten millions digit of 30686764?
3
What is the ten millions digit of 42141249?
4
What is the units digit of 5271060242?
2
What is the hundreds digit of 3247891852?
8
What is the tens digit of 623915236?
3
What is the ten thousands digit of 41795399?
9
What is the hundreds digit of 1462395457?
4
What is the ten thousands digit of 37758966?
5
What is the hundred millions digit of 624682830?
6
What is the thousands digit of 305645004?
5
What is the millions digit of 284692517?
4
What is the hundreds digit of 288850814?
8
What is the millions digit of 1693608785?
3
What is the ten thousands digit of 6465528890?
2
What is the thousands digit of 243893732?
3
What is the hundreds digit of 802356379?
3
What is the units digit of 426644?
4
What is the ten thousands digit of 60327244?
2
What is the hundreds digit of 802549069?
0
What is the hundreds digit of 663223358?
3
What is the hundreds digit of 218732575?
5
What is the hundred millions digit of 4802192540?
8
What is the hundred thousands digit of 1827776220?
7
What is the billions digit of 2442740938?
2
What is the hundred millions digit of 486943754?
4
What is the thousands digit of 2704139864?
9
What is the tens digit of 160033360?
6
What is the hundreds digit of 110484124?
1
What is the hundred thousands digit of 74696396?
6
What is the thousands digit of 1059674651?
4
What is the tens digit of 43913099?
9
What is the ten millions digit of 1425627784?
2
What is the ten thousands digit of 2724002953?
0
What is the millions digit of 270592641?
0
What is the tens digit of 1973265760?
6
What is the ten thousands digit of 297028553?
2
What is the hundred millions digit of 4402160152?
4
What is the hundreds digit of 46733157?
1
What is the millions digit of 1841658105?
1
What is the thousands digit of 2783929779?
9
What is the thousands digit of 57206648?
6
What is the millions digit of 119053479?
9
What is the tens digit of 71093605?
0
What is the ten thousands digit of 184176121?
7
What is the tens digit of 8881601?
0
What is the ten millions digit of 966420139?
6
What is the hundred millions digit of 8952296237?
9
What is the ten thousands digit of 3249225684?
2
What is the billions digit of 5426373930?
5
What is the hundred thousands digit of 41829600?
8
What is the hundreds digit of 66566347?
3
What is the tens digit of 110269538?
3
What is the ten thousands digit of 2915713211?
1
What is the thousands digit of 141625358?
5
What is the thousands digit of 132374417?
4
What is the units digit of 221224144?
4
What is the ten millions digit of 505407923?
0
What is the hundreds digit of 12778433?
4
What is the tens digit of 192360919?
1
What is the hundred thousands digit of 160689279?
6
What is the hundreds digit of 2411283?
2
What is the ten thousands digit of 2841407486?
0
What is the ten millions digit of 299075584?
9
What is the hundreds digit of 655484197?
1
What is the tens digit of 25240051?
5
What is the units digit of 5849323758?
8
What is the millions digit of 9653688?
9
What is the millions digit of 1170786026?
0
What is the tens digit of 196032728?
2
What is the millions digit of 3114376991?
4
What is the thousands digit of 50268720?
8
What is the hundred millions digit of 1326645832?
3
What is the thousands digit of 705050879?
0
What is the ten thousands digit of 47546326?
4
What is the ten thousands digit of 15814132?
1
What is the hundred millions digit of 4637396370?
6
What is the ten thousands digit of 205874791?
7
What is the hundred thousands digit of 14498388?
4
What is the hundred thousands digit of 159489?
1
What is the hundred millions digit of 946577187?
9
What is the ten millions digit of 2944279452?
4
What is the hundred millions digit of 1026115081?
0
What is the hundreds digit of 18868507?
5
What is the tens digit of 181056226?
2
What is the units digit of 51702971?
1
What is the hundred millions digit of 202709393?
2
What is the millions digit of 513407024?
3
What is the millions digit of 600314111?
0
What is the ten thousands digit of 831181034?
8
What is the millions digit of 487557004?
7
What is the tens digit of 48500645?
4
What is the units digit of 385332375?
5
What is the hundreds digit of 288206739?
7
What is the units digit of 85690369?
9
What is the millions digit of 38052096?
8
What is the units digit of 2254925442?
2
What is the ten thousands digit of 10220305?
2
What is the ten thousands digit of 875659807?
5
What is the thousands digit of 42937220?
7
What is the billions digit of 5257130937?
5
What is the units digit of 1354088673?
3
What is the hundreds digit of 468904230?
2
What is the units digit of 2940585131?
1
What is the ten thousands digit of 349908826?
0
What is the units digit of 24417120?
0
What is the hundred thousands digit of 40900676?
9
What is the tens digit of 17776123?
2
What is the hundreds digit of 105126649?
6
What is the hundred thousands digit of 62978599?
9
What is the thousands digit of 2391045437?
5
What is the tens digit of 801350119?
1
What is the hundred thousands digit of 21224187?
2
What is the ten thousands digit of 170415774?
1
What is the hundred millions digit of 2552421518?
5
What is the ten thousands digit of 209145264?
4
What is the hundreds digit of 6787643?
6
What is the tens digit of 294717744?
4
What is the tens digit of 87586839?
3
What is the tens digit of 350906127?
2
What is the ten millions digit of 269533240?
6
What is the units digit of 41612929?
9
What is the hundreds digit of 753955648?
6
What is the tens digit of 72247762?
6
What is the hundred millions digit of 182798760?
1
What is the millions digit of 3572975846?
2
What is the units digit of 76858970?
0
What is the hundreds digit of 265810304?
3
What is the ten millions digit of 2017224704?
1
What is the ten thousands digit of 105378808?
7
What is the thousands digit of 101407672?
7
What is the ten thousands digit of 243908801?
0
What is the millions digit of 78746594?
8
What is the tens digit of 881352258?
5
What is the ten millions digit of 275645551?
7
What is the hundred millions digit of 1031337024?
0
What is the tens digit of 1268997175?
7
What is the billions digit of 4691221832?
4
What is the millions digit of 39531565?
9
What is the thousands digit of 98759328?
9
What is the hundreds digit of 266426105?
1
What is the ten thousands digit of 150689997?
8
What is the ten thousands digit of 40838196?
3
What is the tens digit of 119318586?
8
What is the thousands digit of 3869838021?
8
What is the millions digit of 85336973?
5
What is the units digit of 45268691?
1
What is the ten thousands digit of 358781908?
8
What is the millions digit of 73057503?
3
What is the hundred millions digit of 232386180?
2
What is the millions digit of 593928269?
3
What is the ten thousands digit of 82945548?
4
What is the millions digit of 3027893341?
7
What is the ten millions digit of 591823936?
9
What is the millions digit of 11671420?
1
What is the hundred thousands digit of 52693180?
6
What is the hundred thousands digit of 231246690?
2
What is the ten millions digit of 25207358?
2
What is the hundreds digit of 51470578?
5
What is the tens digit of 3515718924?
2
What is the thousands digit of 52268797?
8
What is the hundred millions digit of 186884841?
1
What is the hundreds digit of 172007344?
3
What is the hundred millions digit of 243046936?
2
What is the ten millions digit of 418132825?
1
What is the millions digit of 29609843?
9
What is the millions digit of 209956126?
9
What is the tens digit of 826852341?
4
What is the hundreds digit of 35480019?
0
What is the hundred thousands digit of 8712797?
7
What is the ten thousands digit of 1328757136?
5
What is the hundred thousands digit of 40375963?
3
What is the tens digit of 31505219?
1
What is the hundred thousands digit of 63063860?
0
What is the units digit of 72672862?
2
Wh